{"id":24,"date":"2015-08-18T11:08:17","date_gmt":"2015-08-18T09:08:17","guid":{"rendered":"http:\/\/www.land-apotheke.at\/willkommen\/?page_id=24"},"modified":"2015-08-18T14:02:28","modified_gmt":"2015-08-18T12:02:28","slug":"impressum","status":"publish","type":"page","link":"https:\/\/www.land-apotheke.at\/willkommen\/impressum","title":{"rendered":"Impressum"},"content":{"rendered":"<h4>Impressum<\/h4>\n<p>Impressum nach dem e-commerce-Gesetz:<br \/>\nLand Apotheke Pinsdorf<br \/>\nMag. pharm. Susanne Sokoll-Seebacher<br \/>\nV\u00f6cklabruckerstra\u00dfe 24<br \/>\n4812 Pinsdorf<br \/>\nAustria<br \/>\nLAND APOTHEKE PINSDORF,\u00a0 V\u00f6cklabruckerstra\u00dfe 24, 4812 Pinsdorf<br \/>\nTel: +43 7612 72 300<br \/>\nFax: +43 7612 72 300-7<br \/>\nwww.land-apotheke.at<br \/>\n<a href=\"mailto:office@land-apotheke.at\" target=\"_blank\">office@land-apotheke.at<\/a><\/p>\n<p>Konzession\u00e4rin: Mag. pharm. Susanne Sokoll-Seebacher<br \/>\nDas Unternehmen ist eine \u00f6ffentliche Apotheke nach \u00f6sterreichischem<br \/>\nApothekengesetz. Ihre Leiterin ist Mitglied der \u00f6sterreichischen<br \/>\nApothekerkammer. Berufsrechtliche Vorschrift: Apothekengesetz,<br \/>\nApotheken Betriebsordnung, \u00a7\u00a7 50 bis 71 Arzneimittelgesetz und<br \/>\nBerufssitte des Apothekerstandes.<\/p>\n<p>S\u00e4mtliche hier genannten Rechtsvorschriften k\u00f6nnen bei der \u00f6sterreichischen<br \/>\nApothekerkammer unter <a href=\"https:\/\/www.apotheker.or.at\/internet\/oeak\/NewsPresse.nsf\/WebTeaser\/NewsTeaser\/\" target=\"_blank\">www.apotheker.or.at<\/a> eingesehen oder dort angefordert werden.<\/p>\n<p>Die zust\u00e4ndige Aufsichtsbeh\u00f6rde ist das <a href=\"https:\/\/www.bmgf.gv.at\/\" target=\"_blank\">Bundesministerium f\u00fcr Gesundheit und Frauen<\/a>.<\/p>\n<p>Firmenbuchnummer: FN 427700 x<br \/>\nApotheken Betriebs Nummer 42218<br \/>\nUID ATU 69181609<br \/>\nHandelsgericht Wels<\/p>\n","protected":false},"excerpt":{"rendered":"<p>Impressum Impressum nach dem e-commerce-Gesetz: Land Apotheke Pinsdorf Mag. pharm. Susanne Sokoll-Seebacher V\u00f6cklabruckerstra\u00dfe 24 4812 Pinsdorf Austria LAND APOTHEKE PINSDORF,\u00a0 V\u00f6cklabruckerstra\u00dfe 24, 4812 Pinsdorf Tel: +43 7612 72 300 Fax: +43 7612 72 300-7 www.land-apotheke.at office@land-apotheke.at Konzession\u00e4rin: Mag. pharm. Susanne Sokoll-Seebacher Das Unternehmen ist eine \u00f6ffentliche Apotheke nach \u00f6sterreichischem Apothekengesetz. Ihre Leiterin ist Mitglied der [&hellip;]<\/p>\n","protected":false},"author":1,"featured_media":0,"parent":0,"menu_order":0,"comment_status":"closed","ping_status":"closed","template":"","meta":{"footnotes":""},"_links":{"self":[{"href":"https:\/\/www.land-apotheke.at\/willkommen\/wp-json\/wp\/v2\/pages\/24"}],"collection":[{"href":"https:\/\/www.land-apotheke.at\/willkommen\/wp-json\/wp\/v2\/pages"}],"about":[{"href":"https:\/\/www.land-apotheke.at\/willkommen\/wp-json\/wp\/v2\/types\/page"}],"author":[{"embeddable":true,"href":"https:\/\/www.land-apotheke.at\/willkommen\/wp-json\/wp\/v2\/users\/1"}],"replies":[{"embeddable":true,"href":"https:\/\/www.land-apotheke.at\/willkommen\/wp-json\/wp\/v2\/comments?post=24"}],"version-history":[{"count":4,"href":"https:\/\/www.land-apotheke.at\/willkommen\/wp-json\/wp\/v2\/pages\/24\/revisions"}],"predecessor-version":[{"id":121,"href":"https:\/\/www.land-apotheke.at\/willkommen\/wp-json\/wp\/v2\/pages\/24\/revisions\/121"}],"wp:attachment":[{"href":"https:\/\/www.land-apotheke.at\/willkommen\/wp-json\/wp\/v2\/media?parent=24"}],"curies":[{"name":"wp","href":"https:\/\/api.w.org\/{rel}","templated":true}]}}