{"id":14,"date":"2015-08-18T11:06:53","date_gmt":"2015-08-18T09:06:53","guid":{"rendered":"http:\/\/www.land-apotheke.at\/willkommen\/?page_id=14"},"modified":"2026-02-26T09:40:25","modified_gmt":"2026-02-26T08:40:25","slug":"team","status":"publish","type":"page","link":"https:\/\/www.land-apotheke.at\/willkommen\/team","title":{"rendered":"Team"},"content":{"rendered":"\n<style type=\"text\/css\" data-created_by=\"avia_inline_auto\" id=\"style-css-av-kax1u-1d1a61110eb9c521bf986ca92b4656c9\">\n.flex_column.av-kax1u-1d1a61110eb9c521bf986ca92b4656c9{\nborder-radius:0px 0px 0px 0px;\npadding:0px 0px 0px 0px;\n}\n<\/style>\n<div  class='flex_column av-kax1u-1d1a61110eb9c521bf986ca92b4656c9 av_one_third  avia-builder-el-0  el_before_av_two_third  avia-builder-el-first  first flex_column_div av-zero-column-padding  '     ><p>\n<style type=\"text\/css\" data-created_by=\"avia_inline_auto\" id=\"style-css-av-jvx06-296446fedc5fe1574544f529c885a08c\">\n.avia-image-container.av-jvx06-296446fedc5fe1574544f529c885a08c img.avia_image{\nbox-shadow:none;\n}\n.avia-image-container.av-jvx06-296446fedc5fe1574544f529c885a08c .av-image-caption-overlay-center{\ncolor:#ffffff;\n}\n<\/style>\n<div  class='avia-image-container av-jvx06-296446fedc5fe1574544f529c885a08c av-styling- av-hover-grow avia-align-center  avia-builder-el-1  el_before_av_textblock  avia-builder-el-first '   itemprop=\"image\" itemscope=\"itemscope\" itemtype=\"https:\/\/schema.org\/ImageObject\" ><div class=\"avia-image-container-inner\"><div class=\"avia-image-overlay-wrap\"><img fetchpriority=\"high\" class='wp-image-56 avia-img-lazy-loading-not-56 avia_image ' src='https:\/\/www.land-apotheke.at\/willkommen\/wp-content\/uploads\/2015\/08\/Mag-Susanne-Sokoll-245x300.jpg' alt='' title='Mag Susanne Sokoll'  height=\"300\" width=\"245\"  itemprop=\"thumbnailUrl\"  \/><\/div><\/div><\/div><br \/>\n<section  class='av_textblock_section av-1y35q-d34e2f668abeadd55ecd077d34f4e9ad '   itemscope=\"itemscope\" itemtype=\"https:\/\/schema.org\/CreativeWork\" ><div class='avia_textblock'  itemprop=\"text\" ><h6 style=\"text-align: center;\">Mag. Susanne Sokoll-Seebacher<\/h6>\n<p style=\"text-align: center;\">Konzession\u00e4rin und Eigent\u00fcmerin<br \/>\nder LAND APOTHEKE PINSDORF<\/p>\n<\/div><\/section><\/p><\/div>\n\n<style type=\"text\/css\" data-created_by=\"avia_inline_auto\" id=\"style-css-av-ivloa-cac17f221d087bf44ed672c621f0ec36\">\n.flex_column.av-ivloa-cac17f221d087bf44ed672c621f0ec36{\nborder-radius:0px 0px 0px 0px;\npadding:0px 0px 0px 0px;\n}\n<\/style>\n<div  class='flex_column av-ivloa-cac17f221d087bf44ed672c621f0ec36 av_two_third  avia-builder-el-3  el_after_av_one_third  el_before_av_hr  flex_column_div av-zero-column-padding  '     ><section  class='av_textblock_section av-id6pm-9abc9fd5e821e35cb4b1e0c8e58049b2 '   itemscope=\"itemscope\" itemtype=\"https:\/\/schema.org\/CreativeWork\" ><div class='avia_textblock'  itemprop=\"text\" ><h4>Unser Leitbild:<\/h4>\n<p>Wir wollen nicht nur eine Abgabestelle f\u00fcr Medikamente sein, sondern eine moderne, zukunftsorientierte Apotheke, in der Sie sich wohl und sicher f\u00fchlen. Eine fachlich fundierte Beratung ist f\u00fcr uns eine Selbstverst\u00e4ndlichkeit, ein nettes einf\u00fchlsames Gespr\u00e4ch mit unseren Kunden mag h\u00e4ufig viel wichtiger sein! Und ein gemeinsames Lachen macht uns genauso viel Spa\u00df wie Ihnen &#8230;<\/p>\n<\/div><\/section><br \/>\n\n<style type=\"text\/css\" data-created_by=\"avia_inline_auto\" id=\"style-css-av-hicwu-5a9af4675dafc2e318bb3502b779a55f\">\n#top .av-special-heading.av-hicwu-5a9af4675dafc2e318bb3502b779a55f{\npadding-bottom:10px;\n}\nbody .av-special-heading.av-hicwu-5a9af4675dafc2e318bb3502b779a55f .av-special-heading-tag .heading-char{\nfont-size:25px;\n}\n.av-special-heading.av-hicwu-5a9af4675dafc2e318bb3502b779a55f .av-subheading{\nfont-size:15px;\n}\n<\/style>\n<div  class='av-special-heading av-hicwu-5a9af4675dafc2e318bb3502b779a55f av-special-heading-h3 blockquote modern-quote  avia-builder-el-5  el_after_av_textblock  avia-builder-el-last '><h3 class='av-special-heading-tag'  itemprop=\"headline\"  ><span class='special_amp'>&#8220;<\/span> Zusammenkunft ist ein Anfang.<br \/> Zusammenhalt ist ein Fortschritt.<br \/>Zusammenarbeit ist ein Erfolg. <span class='special_amp'>&#8222;<\/span><\/h3><div class='av-subheading av-subheading_below'><p>Henry Ford<\/p>\n<\/div><div class=\"special-heading-border\"><div class=\"special-heading-inner-border\"><\/div><\/div><\/div><\/p><\/div>\n\n<style type=\"text\/css\" data-created_by=\"avia_inline_auto\" id=\"style-css-av-gt5fe-9c31ae654ced4351d38594a99eaf01a2\">\n#top .hr.hr-invisible.av-gt5fe-9c31ae654ced4351d38594a99eaf01a2{\nheight:30px;\n}\n<\/style>\n<div  class='hr av-gt5fe-9c31ae654ced4351d38594a99eaf01a2 hr-invisible  avia-builder-el-6  el_after_av_two_third  el_before_av_one_third '><span class='hr-inner '><span class=\"hr-inner-style\"><\/span><\/span><\/div>\n\n<style type=\"text\/css\" data-created_by=\"avia_inline_auto\" id=\"style-css-av-gnw8a-74be0bf7664ac61f8d40e43018b29d0c\">\n.flex_column.av-gnw8a-74be0bf7664ac61f8d40e43018b29d0c{\nborder-radius:0px 0px 0px 0px;\npadding:0px 0px 0px 0px;\n}\n<\/style>\n<div  class='flex_column av-gnw8a-74be0bf7664ac61f8d40e43018b29d0c av_one_third  avia-builder-el-7  el_after_av_hr  el_before_av_one_third  first flex_column_div av-zero-column-padding  '     ><p>\n<style type=\"text\/css\" data-created_by=\"avia_inline_auto\" id=\"style-css-av-1loh6-ec55da20c67c678850f2080e324d92b1\">\n.avia-image-container.av-1loh6-ec55da20c67c678850f2080e324d92b1 img.avia_image{\nbox-shadow:none;\n}\n.avia-image-container.av-1loh6-ec55da20c67c678850f2080e324d92b1 .av-image-caption-overlay-center{\ncolor:#ffffff;\n}\n<\/style>\n<div  class='avia-image-container av-1loh6-ec55da20c67c678850f2080e324d92b1 av-styling- av-hover-grow avia-align-center  avia-builder-el-8  el_before_av_textblock  avia-builder-el-first '   itemprop=\"image\" itemscope=\"itemscope\" itemtype=\"https:\/\/schema.org\/ImageObject\" ><div class=\"avia-image-container-inner\"><div class=\"avia-image-overlay-wrap\"><img fetchpriority=\"high\" class='wp-image-638 avia-img-lazy-loading-not-638 avia_image ' src='https:\/\/www.land-apotheke.at\/willkommen\/wp-content\/uploads\/2022\/04\/Mag-Natalie-Walch-1.jpg' alt='' title='Mag Natalie Walch'  height=\"280\" width=\"200\"  itemprop=\"thumbnailUrl\"  \/><\/div><\/div><\/div><br \/>\n<section  class='av_textblock_section av-f3006-1ab5e890377aec39c26b638faaca6db1 '   itemscope=\"itemscope\" itemtype=\"https:\/\/schema.org\/CreativeWork\" ><div class='avia_textblock'  itemprop=\"text\" ><h6 style=\"text-align: center;\">Mag. Natalie Walch<\/h6>\n<p style=\"text-align: center;\">Pharmazeutin<\/p>\n<\/div><\/section><\/p><\/div>\n\n<style type=\"text\/css\" data-created_by=\"avia_inline_auto\" id=\"style-css-av-eonc6-0fa0caaec3ffb028cf96c99b4f09fab9\">\n.flex_column.av-eonc6-0fa0caaec3ffb028cf96c99b4f09fab9{\nborder-radius:0px 0px 0px 0px;\npadding:0px 0px 0px 0px;\n}\n<\/style>\n<div  class='flex_column av-eonc6-0fa0caaec3ffb028cf96c99b4f09fab9 av_one_third  avia-builder-el-10  el_after_av_one_third  el_before_av_one_third  flex_column_div av-zero-column-padding  '     ><p>\n<style type=\"text\/css\" data-created_by=\"avia_inline_auto\" id=\"style-css-av-e2h42-7ee0328e293b1247a304f678ee230b0c\">\n.avia-image-container.av-e2h42-7ee0328e293b1247a304f678ee230b0c img.avia_image{\nbox-shadow:none;\n}\n.avia-image-container.av-e2h42-7ee0328e293b1247a304f678ee230b0c .av-image-caption-overlay-center{\ncolor:#ffffff;\n}\n<\/style>\n<div  class='avia-image-container av-e2h42-7ee0328e293b1247a304f678ee230b0c av-styling- av-hover-grow avia-align-center  avia-builder-el-11  el_before_av_textblock  avia-builder-el-first '   itemprop=\"image\" itemscope=\"itemscope\" itemtype=\"https:\/\/schema.org\/ImageObject\" ><div class=\"avia-image-container-inner\"><div class=\"avia-image-overlay-wrap\"><img fetchpriority=\"high\" class='wp-image-658 avia-img-lazy-loading-not-658 avia_image ' src='https:\/\/www.land-apotheke.at\/willkommen\/wp-content\/uploads\/2022\/11\/Mag-Birgit-Grossauer.jpg' alt='' title='Mag Birgit Grossauer'  height=\"280\" width=\"200\"  itemprop=\"thumbnailUrl\"  \/><\/div><\/div><\/div><br \/>\n<section  class='av_textblock_section av-1c06a-7bad873b82b963781e1bd73b3f7b6649 '   itemscope=\"itemscope\" itemtype=\"https:\/\/schema.org\/CreativeWork\" ><div class='avia_textblock'  itemprop=\"text\" ><h6 style=\"text-align: center;\">Mag. Birgit Grossauer<\/h6>\n<p style=\"text-align: center;\">Pharmazeutin<\/p>\n<\/div><\/section><\/p><\/div>\n\n<style type=\"text\/css\" data-created_by=\"avia_inline_auto\" id=\"style-css-av-av_one_third-3b23f8e6fda9ada887e5408ce3a289e8\">\n.flex_column.av-av_one_third-3b23f8e6fda9ada887e5408ce3a289e8{\nborder-radius:0px 0px 0px 0px;\npadding:0px 0px 0px 0px;\n}\n<\/style>\n<div  class='flex_column av-av_one_third-3b23f8e6fda9ada887e5408ce3a289e8 av_one_third  avia-builder-el-13  el_after_av_one_third  el_before_av_one_third  flex_column_div av-zero-column-padding  '     ><p>\n<style type=\"text\/css\" data-created_by=\"avia_inline_auto\" id=\"style-css-av-mm37paq2-a1fa896fac8efee7193ad72f8ce87478\">\n.avia-image-container.av-mm37paq2-a1fa896fac8efee7193ad72f8ce87478 img.avia_image{\nbox-shadow:none;\n}\n.avia-image-container.av-mm37paq2-a1fa896fac8efee7193ad72f8ce87478 .av-image-caption-overlay-center{\ncolor:#ffffff;\n}\n<\/style>\n<div  class='avia-image-container av-mm37paq2-a1fa896fac8efee7193ad72f8ce87478 av-styling- av-hover-grow avia-align-center  avia-builder-el-14  el_before_av_textblock  avia-builder-el-first '   itemprop=\"image\" itemscope=\"itemscope\" itemtype=\"https:\/\/schema.org\/ImageObject\" ><div class=\"avia-image-container-inner\"><div class=\"avia-image-overlay-wrap\"><img fetchpriority=\"high\" class='wp-image-977 avia-img-lazy-loading-not-977 avia_image ' src='https:\/\/www.land-apotheke.at\/willkommen\/wp-content\/uploads\/2026\/02\/MMag-Kathrin-Wiatschka.jpg' alt='' title='MMag Kathrin Wiatschka'  height=\"280\" width=\"200\"  itemprop=\"thumbnailUrl\"  \/><\/div><\/div><\/div><br \/>\n<section  class='av_textblock_section av-mm37opkx-626ba8e5101427021a108364467bf4a0 '   itemscope=\"itemscope\" itemtype=\"https:\/\/schema.org\/CreativeWork\" ><div class='avia_textblock'  itemprop=\"text\" ><h6 style=\"text-align: center;\">MMag Kathrin Wiatschka<\/h6>\n<p style=\"text-align: center;\">Pharmazeutin<\/p>\n<\/div><\/section><\/p><\/div>\n<style type=\"text\/css\" data-created_by=\"avia_inline_auto\" id=\"style-css-av-9gi1a-2ea06013b6304a22d53cecfbc40ba72b\">\n.flex_column.av-9gi1a-2ea06013b6304a22d53cecfbc40ba72b{\nborder-radius:0px 0px 0px 0px;\npadding:0px 0px 0px 0px;\n}\n<\/style>\n<div  class='flex_column av-9gi1a-2ea06013b6304a22d53cecfbc40ba72b av_one_third  avia-builder-el-16  el_after_av_one_third  el_before_av_one_third  first flex_column_div av-zero-column-padding  column-top-margin'     ><p>\n<style type=\"text\/css\" data-created_by=\"avia_inline_auto\" id=\"style-css-av-8my5a-e67c6ac913e7a89a64b560f2486a8280\">\n.avia-image-container.av-8my5a-e67c6ac913e7a89a64b560f2486a8280 img.avia_image{\nbox-shadow:none;\n}\n.avia-image-container.av-8my5a-e67c6ac913e7a89a64b560f2486a8280 .av-image-caption-overlay-center{\ncolor:#ffffff;\n}\n<\/style>\n<div  class='avia-image-container av-8my5a-e67c6ac913e7a89a64b560f2486a8280 av-styling- av-hover-grow avia-align-center  avia-builder-el-17  el_before_av_textblock  avia-builder-el-first '   itemprop=\"image\" itemscope=\"itemscope\" itemtype=\"https:\/\/schema.org\/ImageObject\" ><div class=\"avia-image-container-inner\"><div class=\"avia-image-overlay-wrap\"><img fetchpriority=\"high\" class='wp-image-642 avia-img-lazy-loading-not-642 avia_image ' src='https:\/\/www.land-apotheke.at\/willkommen\/wp-content\/uploads\/2022\/04\/Renate-Mayer-Haas.jpg' alt='' title='Renate Mayer-Haas'  height=\"280\" width=\"200\"  itemprop=\"thumbnailUrl\"  \/><\/div><\/div><\/div><br \/>\n<section  class='av_textblock_section av-87evy-d91ca32d358519dd50f5341b4990fa31 '   itemscope=\"itemscope\" itemtype=\"https:\/\/schema.org\/CreativeWork\" ><div class='avia_textblock'  itemprop=\"text\" ><h6 style=\"text-align: center;\">Renate Mayer-Haas<\/h6>\n<p style=\"text-align: center;\">Pharmazeutisch<br \/>\nkaufm\u00e4nnische Assistentin<\/p>\n<\/div><\/section><\/p><\/div><\/p>\n\n<style type=\"text\/css\" data-created_by=\"avia_inline_auto\" id=\"style-css-av-aymc6-f945b851804972e1b56aec9928c64ae9\">\n.flex_column.av-aymc6-f945b851804972e1b56aec9928c64ae9{\nborder-radius:0px 0px 0px 0px;\npadding:0px 0px 0px 0px;\n}\n<\/style>\n<div  class='flex_column av-aymc6-f945b851804972e1b56aec9928c64ae9 av_one_third  avia-builder-el-19  el_after_av_one_third  el_before_av_one_third  flex_column_div av-zero-column-padding  column-top-margin'     ><p>\n<style type=\"text\/css\" data-created_by=\"avia_inline_auto\" id=\"style-css-av-ajvh2-513477d026e07347883b4bf0d5c41d84\">\n.avia-image-container.av-ajvh2-513477d026e07347883b4bf0d5c41d84 img.avia_image{\nbox-shadow:none;\n}\n.avia-image-container.av-ajvh2-513477d026e07347883b4bf0d5c41d84 .av-image-caption-overlay-center{\ncolor:#ffffff;\n}\n<\/style>\n<div  class='avia-image-container av-ajvh2-513477d026e07347883b4bf0d5c41d84 av-styling- av-hover-grow avia-align-center  avia-builder-el-20  el_before_av_textblock  avia-builder-el-first '   itemprop=\"image\" itemscope=\"itemscope\" itemtype=\"https:\/\/schema.org\/ImageObject\" ><div class=\"avia-image-container-inner\"><div class=\"avia-image-overlay-wrap\"><img fetchpriority=\"high\" class='wp-image-641 avia-img-lazy-loading-not-641 avia_image ' src='https:\/\/www.land-apotheke.at\/willkommen\/wp-content\/uploads\/2022\/04\/Helga-Gotzi.jpg' alt='' title='Helga Gotzi'  height=\"280\" width=\"200\"  itemprop=\"thumbnailUrl\"  \/><\/div><\/div><\/div><br \/>\n<section  class='av_textblock_section av-9qmdy-2ae8d5691e92b454002e85e4d6d016ac '   itemscope=\"itemscope\" itemtype=\"https:\/\/schema.org\/CreativeWork\" ><div class='avia_textblock'  itemprop=\"text\" ><h6 style=\"text-align: center;\">Helga Gotzi<\/h6>\n<p style=\"text-align: center;\">Pharmazeutisch<br \/>\nkaufm\u00e4nnische Assistentin<\/p>\n<\/div><\/section><\/p><\/div>\n\n<style type=\"text\/css\" data-created_by=\"avia_inline_auto\" id=\"style-css-av-9gi1a-6-d4d1791e9f9658a5ecd684a22b72effc\">\n.flex_column.av-9gi1a-6-d4d1791e9f9658a5ecd684a22b72effc{\nborder-radius:0px 0px 0px 0px;\npadding:0px 0px 0px 0px;\n}\n<\/style>\n<div  class='flex_column av-9gi1a-6-d4d1791e9f9658a5ecd684a22b72effc av_one_third  avia-builder-el-22  el_after_av_one_third  el_before_av_one_third  flex_column_div av-zero-column-padding  column-top-margin'     ><p>\n<style type=\"text\/css\" data-created_by=\"avia_inline_auto\" id=\"style-css-av-8my5a-5-3a74dcc51785129e9478d22aa2e541ff\">\n.avia-image-container.av-8my5a-5-3a74dcc51785129e9478d22aa2e541ff img.avia_image{\nbox-shadow:none;\n}\n.avia-image-container.av-8my5a-5-3a74dcc51785129e9478d22aa2e541ff .av-image-caption-overlay-center{\ncolor:#ffffff;\n}\n<\/style>\n<div  class='avia-image-container av-8my5a-5-3a74dcc51785129e9478d22aa2e541ff av-styling- av-hover-grow avia-align-center  avia-builder-el-23  el_before_av_textblock  avia-builder-el-first '   itemprop=\"image\" itemscope=\"itemscope\" itemtype=\"https:\/\/schema.org\/ImageObject\" ><div class=\"avia-image-container-inner\"><div class=\"avia-image-overlay-wrap\"><img fetchpriority=\"high\" class='wp-image-645 avia-img-lazy-loading-not-645 avia_image ' src='https:\/\/www.land-apotheke.at\/willkommen\/wp-content\/uploads\/2022\/04\/Anna-Kiener.jpg' alt='' title='Anna Kiener'  height=\"280\" width=\"200\"  itemprop=\"thumbnailUrl\"  \/><\/div><\/div><\/div><br \/>\n<section  class='av_textblock_section av-87evy-4-ce653682eb5fc46bb3771210a2a76513 '   itemscope=\"itemscope\" itemtype=\"https:\/\/schema.org\/CreativeWork\" ><div class='avia_textblock'  itemprop=\"text\" ><h6 style=\"text-align: center;\">Anna Humer<\/h6>\n<p style=\"text-align: center;\">Pharmazeutisch<br \/>\nkaufm\u00e4nnische Assistentin<br \/>\nderzeit Mutterschutz<\/p>\n<\/div><\/section><\/p><\/div>\n\n<style type=\"text\/css\" data-created_by=\"avia_inline_auto\" id=\"style-css-av-7i6pi-3a412e46440f3d5e441ff61a7a2b3d7c\">\n.flex_column.av-7i6pi-3a412e46440f3d5e441ff61a7a2b3d7c{\nborder-radius:0px 0px 0px 0px;\npadding:0px 0px 0px 0px;\n}\n<\/style>\n<div  class='flex_column av-7i6pi-3a412e46440f3d5e441ff61a7a2b3d7c av_one_third  avia-builder-el-25  el_after_av_one_third  el_before_av_one_third  first flex_column_div av-zero-column-padding  column-top-margin'     ><p>\n<style type=\"text\/css\" data-created_by=\"avia_inline_auto\" id=\"style-css-av-6mwpe-3948ad1985ee80014ee074ed979a21fe\">\n.avia-image-container.av-6mwpe-3948ad1985ee80014ee074ed979a21fe img.avia_image{\nbox-shadow:none;\n}\n.avia-image-container.av-6mwpe-3948ad1985ee80014ee074ed979a21fe .av-image-caption-overlay-center{\ncolor:#ffffff;\n}\n<\/style>\n<div  class='avia-image-container av-6mwpe-3948ad1985ee80014ee074ed979a21fe av-styling- av-hover-grow avia-align-center  avia-builder-el-26  el_before_av_textblock  avia-builder-el-first '   itemprop=\"image\" itemscope=\"itemscope\" itemtype=\"https:\/\/schema.org\/ImageObject\" ><div class=\"avia-image-container-inner\"><div class=\"avia-image-overlay-wrap\"><img fetchpriority=\"high\" class='wp-image-876 avia-img-lazy-loading-not-876 avia_image ' src='https:\/\/www.land-apotheke.at\/willkommen\/wp-content\/uploads\/2024\/03\/Johanna-Simmerer-MSc.jpg' alt='' title='Johanna Simmerer MSc'  height=\"280\" width=\"200\"  itemprop=\"thumbnailUrl\"  \/><\/div><\/div><\/div><br \/>\n<section  class='av_textblock_section av-6a8j6-dc7f13b3f3fe051a85df178b2bbe1224 '   itemscope=\"itemscope\" itemtype=\"https:\/\/schema.org\/CreativeWork\" ><div class='avia_textblock'  itemprop=\"text\" ><h6 style=\"text-align: center;\">Johanna Simmerer MSc<\/h6>\n<p style=\"text-align: center;\">Pharmazeutisch<br \/>\nkaufm\u00e4nnische Assistentin<\/p>\n<\/div><\/section><\/p><\/div>\n\n<style type=\"text\/css\" data-created_by=\"avia_inline_auto\" id=\"style-css-av-re9y-e3aad42730062b1019e18b57b18bd59d\">\n.flex_column.av-re9y-e3aad42730062b1019e18b57b18bd59d{\nborder-radius:0px 0px 0px 0px;\npadding:0px 0px 0px 0px;\n}\n<\/style>\n<div  class='flex_column av-re9y-e3aad42730062b1019e18b57b18bd59d av_one_third  avia-builder-el-28  el_after_av_one_third  avia-builder-el-last  flex_column_div av-zero-column-padding  column-top-margin'     ><p>\n<style type=\"text\/css\" data-created_by=\"avia_inline_auto\" id=\"style-css-av-m2sr9kw9-c3a17d2eb722e3c21af544823448fb83\">\n.avia-image-container.av-m2sr9kw9-c3a17d2eb722e3c21af544823448fb83 img.avia_image{\nbox-shadow:none;\n}\n.avia-image-container.av-m2sr9kw9-c3a17d2eb722e3c21af544823448fb83 .av-image-caption-overlay-center{\ncolor:#ffffff;\n}\n<\/style>\n<div  class='avia-image-container av-m2sr9kw9-c3a17d2eb722e3c21af544823448fb83 av-styling- av-hover-grow avia-align-center  avia-builder-el-29  el_before_av_textblock  avia-builder-el-first '   itemprop=\"image\" itemscope=\"itemscope\" itemtype=\"https:\/\/schema.org\/ImageObject\" ><div class=\"avia-image-container-inner\"><div class=\"avia-image-overlay-wrap\"><img fetchpriority=\"high\" class='wp-image-893 avia-img-lazy-loading-not-893 avia_image ' src='https:\/\/www.land-apotheke.at\/willkommen\/wp-content\/uploads\/2024\/10\/Daniela-Schierl.jpg' alt='' title='Daniela Schierl'  height=\"280\" width=\"200\"  itemprop=\"thumbnailUrl\"  \/><\/div><\/div><\/div><br \/>\n<section  class='av_textblock_section av-m2sra5c4-b00b3489a1afc02fc020827aff778533 '   itemscope=\"itemscope\" itemtype=\"https:\/\/schema.org\/CreativeWork\" ><div class='avia_textblock'  itemprop=\"text\" ><h6 style=\"text-align: center;\">Daniela Schierl<\/h6>\n<p style=\"text-align: center;\">Pharmazeutisch<br \/>\nkaufm\u00e4nnische Assistentin<\/p>\n<\/div><\/section><\/p><\/div>\n","protected":false},"excerpt":{"rendered":"","protected":false},"author":1,"featured_media":0,"parent":0,"menu_order":0,"comment_status":"closed","ping_status":"closed","template":"","meta":{"footnotes":""},"_links":{"self":[{"href":"https:\/\/www.land-apotheke.at\/willkommen\/wp-json\/wp\/v2\/pages\/14"}],"collection":[{"href":"https:\/\/www.land-apotheke.at\/willkommen\/wp-json\/wp\/v2\/pages"}],"about":[{"href":"https:\/\/www.land-apotheke.at\/willkommen\/wp-json\/wp\/v2\/types\/page"}],"author":[{"embeddable":true,"href":"https:\/\/www.land-apotheke.at\/willkommen\/wp-json\/wp\/v2\/users\/1"}],"replies":[{"embeddable":true,"href":"https:\/\/www.land-apotheke.at\/willkommen\/wp-json\/wp\/v2\/comments?post=14"}],"version-history":[{"count":44,"href":"https:\/\/www.land-apotheke.at\/willkommen\/wp-json\/wp\/v2\/pages\/14\/revisions"}],"predecessor-version":[{"id":979,"href":"https:\/\/www.land-apotheke.at\/willkommen\/wp-json\/wp\/v2\/pages\/14\/revisions\/979"}],"wp:attachment":[{"href":"https:\/\/www.land-apotheke.at\/willkommen\/wp-json\/wp\/v2\/media?parent=14"}],"curies":[{"name":"wp","href":"https:\/\/api.w.org\/{rel}","templated":true}]}}